{"id":2,"date":"2013-11-16T18:47:17","date_gmt":"2013-11-16T17:47:17","guid":{"rendered":"http:\/\/scuole.portaleragazzi.it\/sauro-4b\/?page_id=2"},"modified":"2025-12-18T08:47:23","modified_gmt":"2025-12-18T07:47:23","slug":"ci-presentiamo","status":"publish","type":"page","link":"https:\/\/scuole.portaleragazzi.it\/sauro-4b\/ci-presentiamo\/","title":{"rendered":"Ci presentiamo&#8230;"},"content":{"rendered":"\n<p class=\"wp-block-paragraph\">Siamo gli alunni della classe 4B della Scuola Primaria Sauro di Firenze. <br>La nostra classe \u00e8 composta da 8 femmine e 11 maschi e in totale siamo 19 bambini pieni di energia, entusiasmo, curiosit\u00e0 e fantasia con tanta voglia di imparare. <br>Ognuno di noi ha delle passioni e attitudini diverse: c&#8217;\u00e8 chi ama leggere, chi inventa storie, chi \u00e8 velocissimo nei calcoli, chi disegna meravigliosamente, chi ha sempre una battuta pronta, chi ama correre come il vento, chi fa tanto sport, chi \u00e8 sempre sorridente e chi ha idee geniali da condividere con i compagni. <br>Ci piace lavorare in gruppo facendo diventare la nostra classe un laboratorio di creativit\u00e0 e un officina dove nascono sempre nuove idee.<br>Le nostre maestre si chiamano Laura e Giustina e sono molto simpatiche, ci aiutano nei momenti di difficolt\u00e0 e ci accompagnano tutti i giorni alla scoperta di noi stessi!<br>La nostra classe \u00e8 un puzzle in continua evoluzione dove ogni pezzo \u00e8 unico e fondamentale.<\/p>\n\n\n\n<figure class=\"wp-block-image size-full\"><a href=\"https:\/\/scuole.portaleragazzi.it\/sauro-4b\/files\/testata-4b-sauro_25-26_800-1.jpg\"><img loading=\"lazy\" decoding=\"async\" width=\"800\" height=\"854\" src=\"https:\/\/scuole.portaleragazzi.it\/sauro-4b\/files\/testata-4b-sauro_25-26_800-1.jpg\" alt=\"\" class=\"wp-image-1344\" srcset=\"https:\/\/scuole.portaleragazzi.it\/sauro-4b\/files\/testata-4b-sauro_25-26_800-1.jpg 800w, https:\/\/scuole.portaleragazzi.it\/sauro-4b\/files\/testata-4b-sauro_25-26_800-1-281x300.jpg 281w, https:\/\/scuole.portaleragazzi.it\/sauro-4b\/files\/testata-4b-sauro_25-26_800-1-768x820.jpg 768w\" sizes=\"auto, (max-width: 800px) 100vw, 800px\" \/><\/a><\/figure>\n\n\n\n<figure class=\"wp-block-image size-full\"><a href=\"https:\/\/scuole.portaleragazzi.it\/sauro-4b\/files\/testata-4b-sauro_25-26_800-2.jpg\"><img loading=\"lazy\" decoding=\"async\" width=\"800\" height=\"789\" src=\"https:\/\/scuole.portaleragazzi.it\/sauro-4b\/files\/testata-4b-sauro_25-26_800-2.jpg\" alt=\"\" class=\"wp-image-1345\" srcset=\"https:\/\/scuole.portaleragazzi.it\/sauro-4b\/files\/testata-4b-sauro_25-26_800-2.jpg 800w, https:\/\/scuole.portaleragazzi.it\/sauro-4b\/files\/testata-4b-sauro_25-26_800-2-300x296.jpg 300w, https:\/\/scuole.portaleragazzi.it\/sauro-4b\/files\/testata-4b-sauro_25-26_800-2-768x757.jpg 768w\" sizes=\"auto, (max-width: 800px) 100vw, 800px\" \/><\/a><\/figure>\n\n\n\n<figure class=\"wp-block-image size-full\"><a href=\"https:\/\/scuole.portaleragazzi.it\/sauro-4b\/files\/testata-4b-sauro_25-26_800-3.jpg\"><img loading=\"lazy\" decoding=\"async\" width=\"800\" height=\"851\" src=\"https:\/\/scuole.portaleragazzi.it\/sauro-4b\/files\/testata-4b-sauro_25-26_800-3.jpg\" alt=\"\" class=\"wp-image-1347\" srcset=\"https:\/\/scuole.portaleragazzi.it\/sauro-4b\/files\/testata-4b-sauro_25-26_800-3.jpg 800w, https:\/\/scuole.portaleragazzi.it\/sauro-4b\/files\/testata-4b-sauro_25-26_800-3-282x300.jpg 282w, https:\/\/scuole.portaleragazzi.it\/sauro-4b\/files\/testata-4b-sauro_25-26_800-3-768x817.jpg 768w\" sizes=\"auto, (max-width: 800px) 100vw, 800px\" \/><\/a><\/figure>\n\n\n\n<figure class=\"wp-block-image size-full\"><a href=\"https:\/\/scuole.portaleragazzi.it\/sauro-4b\/files\/testata-4b-sauro_25-26_800-4.jpg\"><img loading=\"lazy\" decoding=\"async\" width=\"800\" height=\"856\" src=\"https:\/\/scuole.portaleragazzi.it\/sauro-4b\/files\/testata-4b-sauro_25-26_800-4.jpg\" alt=\"\" class=\"wp-image-1348\" srcset=\"https:\/\/scuole.portaleragazzi.it\/sauro-4b\/files\/testata-4b-sauro_25-26_800-4.jpg 800w, https:\/\/scuole.portaleragazzi.it\/sauro-4b\/files\/testata-4b-sauro_25-26_800-4-280x300.jpg 280w, https:\/\/scuole.portaleragazzi.it\/sauro-4b\/files\/testata-4b-sauro_25-26_800-4-768x822.jpg 768w\" sizes=\"auto, (max-width: 800px) 100vw, 800px\" \/><\/a><\/figure>\n\n\n\n<figure class=\"wp-block-image size-full\"><a href=\"https:\/\/scuole.portaleragazzi.it\/sauro-4b\/files\/testata-4b-sauro_25-26_800-5.jpg\"><img loading=\"lazy\" decoding=\"async\" width=\"800\" height=\"788\" src=\"https:\/\/scuole.portaleragazzi.it\/sauro-4b\/files\/testata-4b-sauro_25-26_800-5.jpg\" alt=\"\" class=\"wp-image-1349\" srcset=\"https:\/\/scuole.portaleragazzi.it\/sauro-4b\/files\/testata-4b-sauro_25-26_800-5.jpg 800w, https:\/\/scuole.portaleragazzi.it\/sauro-4b\/files\/testata-4b-sauro_25-26_800-5-300x296.jpg 300w, https:\/\/scuole.portaleragazzi.it\/sauro-4b\/files\/testata-4b-sauro_25-26_800-5-768x756.jpg 768w\" sizes=\"auto, (max-width: 800px) 100vw, 800px\" \/><\/a><\/figure>\n\n\n\n<figure class=\"wp-block-image size-full\"><a href=\"https:\/\/scuole.portaleragazzi.it\/sauro-4b\/files\/testata-4b-sauro_25-26_800-6.jpg\"><img loading=\"lazy\" decoding=\"async\" width=\"800\" height=\"858\" src=\"https:\/\/scuole.portaleragazzi.it\/sauro-4b\/files\/testata-4b-sauro_25-26_800-6.jpg\" alt=\"\" class=\"wp-image-1350\" srcset=\"https:\/\/scuole.portaleragazzi.it\/sauro-4b\/files\/testata-4b-sauro_25-26_800-6.jpg 800w, https:\/\/scuole.portaleragazzi.it\/sauro-4b\/files\/testata-4b-sauro_25-26_800-6-280x300.jpg 280w, https:\/\/scuole.portaleragazzi.it\/sauro-4b\/files\/testata-4b-sauro_25-26_800-6-768x824.jpg 768w\" sizes=\"auto, (max-width: 800px) 100vw, 800px\" \/><\/a><\/figure>\n","protected":false},"excerpt":{"rendered":"<p>Siamo gli alunni della classe 4B della Scuola Primaria Sauro di Firenze. La nostra classe \u00e8 composta da 8 femmine e 11 maschi e in totale siamo 19 bambini pieni [&hellip;]<\/p>\n","protected":false},"author":118,"featured_media":1342,"parent":0,"menu_order":0,"comment_status":"open","ping_status":"closed","template":"","meta":{"_acf_changed":false,"_crdt_document":"","_uag_custom_page_level_css":"","footnotes":""},"class_list":["post-2","page","type-page","status-publish","has-post-thumbnail","hentry"],"acf":[],"uagb_featured_image_src":{"full":["https:\/\/scuole.portaleragazzi.it\/sauro-4b\/files\/testata-4b-sauro_25-26_1280.jpg",1280,339,false],"thumbnail":["https:\/\/scuole.portaleragazzi.it\/sauro-4b\/files\/testata-4b-sauro_25-26_1280-150x150.jpg",150,150,true],"medium":["https:\/\/scuole.portaleragazzi.it\/sauro-4b\/files\/testata-4b-sauro_25-26_1280-300x79.jpg",300,79,true],"medium_large":["https:\/\/scuole.portaleragazzi.it\/sauro-4b\/files\/testata-4b-sauro_25-26_1280-768x203.jpg",768,203,true],"large":["https:\/\/scuole.portaleragazzi.it\/sauro-4b\/files\/testata-4b-sauro_25-26_1280-1024x271.jpg",1024,271,true],"1536x1536":["https:\/\/scuole.portaleragazzi.it\/sauro-4b\/files\/testata-4b-sauro_25-26_1280.jpg",1280,339,false],"2048x2048":["https:\/\/scuole.portaleragazzi.it\/sauro-4b\/files\/testata-4b-sauro_25-26_1280.jpg",1280,339,false],"post-thumbnail":["https:\/\/scuole.portaleragazzi.it\/sauro-4b\/files\/testata-4b-sauro_25-26_1280-100x50.jpg",100,50,true],"fcrf_cover":["https:\/\/scuole.portaleragazzi.it\/sauro-4b\/files\/testata-4b-sauro_25-26_1280.jpg",1280,339,false],"fcrf_big":["https:\/\/scuole.portaleragazzi.it\/sauro-4b\/files\/testata-4b-sauro_25-26_1280.jpg",1280,339,false],"fcrf_quad":["https:\/\/scuole.portaleragazzi.it\/sauro-4b\/files\/testata-4b-sauro_25-26_1280-600x339.jpg",600,339,true],"fcrf_single":["https:\/\/scuole.portaleragazzi.it\/sauro-4b\/files\/testata-4b-sauro_25-26_1280-850x339.jpg",850,339,true],"fcrf_correlati":["https:\/\/scuole.portaleragazzi.it\/sauro-4b\/files\/testata-4b-sauro_25-26_1280-358x250.jpg",358,250,true],"fcrf_home":["https:\/\/scuole.portaleragazzi.it\/sauro-4b\/files\/testata-4b-sauro_25-26_1280-400x339.jpg",400,339,true],"fcrf_mosaico":["https:\/\/scuole.portaleragazzi.it\/sauro-4b\/files\/testata-4b-sauro_25-26_1280-600x339.jpg",600,339,true]},"uagb_author_info":{"display_name":"Admin","author_link":"https:\/\/scuole.portaleragazzi.it\/sauro-4b\/author\/portalesc\/"},"uagb_comment_info":0,"uagb_excerpt":"Siamo gli alunni della classe 4B della Scuola Primaria Sauro di Firenze. La nostra classe \u00e8 composta da 8 femmine e 11 maschi e in totale siamo 19 bambini pieni [&hellip;]","_links":{"self":[{"href":"https:\/\/scuole.portaleragazzi.it\/sauro-4b\/wp-json\/wp\/v2\/pages\/2","targetHints":{"allow":["GET"]}}],"collection":[{"href":"https:\/\/scuole.portaleragazzi.it\/sauro-4b\/wp-json\/wp\/v2\/pages"}],"about":[{"href":"https:\/\/scuole.portaleragazzi.it\/sauro-4b\/wp-json\/wp\/v2\/types\/page"}],"author":[{"embeddable":true,"href":"https:\/\/scuole.portaleragazzi.it\/sauro-4b\/wp-json\/wp\/v2\/users\/118"}],"replies":[{"embeddable":true,"href":"https:\/\/scuole.portaleragazzi.it\/sauro-4b\/wp-json\/wp\/v2\/comments?post=2"}],"version-history":[{"count":34,"href":"https:\/\/scuole.portaleragazzi.it\/sauro-4b\/wp-json\/wp\/v2\/pages\/2\/revisions"}],"predecessor-version":[{"id":1364,"href":"https:\/\/scuole.portaleragazzi.it\/sauro-4b\/wp-json\/wp\/v2\/pages\/2\/revisions\/1364"}],"wp:featuredmedia":[{"embeddable":true,"href":"https:\/\/scuole.portaleragazzi.it\/sauro-4b\/wp-json\/wp\/v2\/media\/1342"}],"wp:attachment":[{"href":"https:\/\/scuole.portaleragazzi.it\/sauro-4b\/wp-json\/wp\/v2\/media?parent=2"}],"curies":[{"name":"wp","href":"https:\/\/api.w.org\/{rel}","templated":true}]}}